ainder when 4650298 is divided by 187?
169
Calculate the remainder when 49414 is divided by 12345.
34
What is the remainder when 3932353 is divided by 529?
296
Calculate the remainder when 1996557 is divided by 1537.
1531
Calculate the remainder when 64010 is divided by 2767.
369
What is the remainder when 104023 is divided by 1063?
912
What is the remainder when 1051994 is divided by 2490?
1214
Calculate the remainder when 9863743 is divided by 75.
43
Calculate the remainder when 8892383 is divided by 439.
438
Calculate the remainder when 45900 is divided by 10786.
2756
What is the remainder when 1590316 is divided by 827?
822
Calculate the remainder when 2376023 is divided by 11821.
2
Calculate the remainder when 3605342 is divided by 1802661.
20
What is the remainder when 690956 is divided by 98708?
0
What is the remainder when 268692 is divided by 266852?
1840
What is the remainder when 12224886 is divided by 182?
128
What is the remainder when 6351281 is divided by 6350930?
351
What is the remainder when 80308 is divided by 77?
74
What is the remainder when 871441 is divided by 2610?
2311
Calculate the remainder when 546521 is divided by 2366.
2341
Calculate the remainder when 106961 is divided by 1009.
7
What is the remainder when 9855465 is divided by 91254?
33
What is the remainder when 7794676 is divided by 27543?
7
Calculate the remainder when 79008 is divided by 19744.
32
Calculate the remainder when 123266 is divided by 61317.
632
What is the remainder when 44337 is divided by 42062?
2275
What is the remainder when 172419 is divided by 86071?
277
Calculate the remainder when 23681 is divided by 1736.
1113
What is the remainder when 502703 is divided by 35903?
61
What is the remainder when 853752 is divided by 67?
38
What is the remainder when 80909 is divided by 6222?
23
Calculate the remainder when 305235 is divided by 10265.
7550
What is the remainder when 157851 is divided by 844?
23
Calculate the remainder when 2071553 is divided by 690470.
143
Calculate the remainder when 1098374 is divided by 219141.
2669
Calculate the remainder when 155160 is divided by 2277.
324
What is the remainder when 8016344 is divided by 13?
11
Calculate the remainder when 1136449 is divided by 2820.
2809
Calculate the remainder when 2967613 is divided by 1483766.
81
Calculate the remainder when 241217 is divided by 30137.
121
What is the remainder when 387105 is divided by 42923?
798
Calculate the remainder when 11590974 is divided by 565.
564
Calculate the remainder when 60971014 is divided by 240.
214
What is the remainder when 10326466 is divided by 262?
260
Calculate the remainder when 58110674 is divided by 425.
424
Calculate the remainder when 1479758 is divided by 5266.
12
Calculate the remainder when 187344 is divided by 231.
3
Calculate the remainder when 787271 is divided by 44.
23
What is the remainder when 17545259 is divided by 1027?
1018
Calculate the remainder when 19662560 is divided by 1608.
1544
Calculate the remainder when 1376130 is divided by 396.
30
What is the remainder when 960955 is divided by 240236?
11
What is the remainder when 310396 is divided by 305649?
4747
Calculate the remainder when 1765502 is divided by 2555.
2552
Calculate the remainder when 375607878 is divided by 10.
8
What is the remainder when 490832 is divided by 7560?
6992
Calculate the remainder when 103634995 is divided by 20.
15
Calculate the remainder when 1751927 is divided by 3000.
2927
Calculate the remainder when 3909984 is divided by 271.
267
What is the remainder when 12684807 is divided by 10?
7
Calculate the remainder when 1131895 is divided by 18555.
40
What is the remainder when 557760 is divided by 92958?
12
What is the remainder when 1373175 is divided by 5996?
91
What is the remainder when 626452 is divided by 208676?
424
What is the remainder when 1132419 is divided by 2957?
2845
What is the remainder when 10649886 is divided by 5689?
78
Calculate the remainder when 309927 is divided by 25822.
63
Calculate the remainder when 24295686 is divided by 47.
23
Calculate the remainder when 114598 is divided by 56752.
1094
Calculate the remainder when 5575383 is divided by 1544.
1543
Calculate the remainder when 22921159 is divided by 76150.
9
What is the remainder when 517280 is divided by 35785?
16290
Calculate the remainder when 208040 is divided by 414.
212
Calculate the remainder when 10154267 is divided by 2538565.
7
Calculate the remainder when 18655346 is divided by 9208.
9146
Calculate the remainder when 316045 is divided by 2899.
54
Calculate the remainder when 68083 is divided by 22135.
1678
What is the remainder when 22582273 is divided by 1238?
1153
What is the remainder when 1786508 is divided by 55?
53
What is the remainder when 337951 is divided by 7?
5
Calculate the remainder when 166447 is divided by 82964.
519
Calculate the remainder when 1344660 is divided by 1368.
1284
What is the remainder when 21240039 is divided by 965456?
7
Calculate the remainder when 2164670 is divided by 1082323.
24
What is the remainder when 23443283 is divided by 619?
515
What is the remainder when 497504 is divided by 365?
9
Calculate the remainder when 2677068 is divided by 44615.
168
Calculate the remainder when 32530284 is divided by 78.
72
Calculate the remainder when 870702 is divided by 41456.
126
Calculate the remainder when 31231 is divided by 1691.
793
Calculate the remainder when 5116478 is divided by 92.
82
Calculate the remainder when 52004 is divided by 1461.
869
What is the remainder when 14857151 is divided by 446?
445
Calculate the remainder when 41017 is divided by 40100.
917
What is the remainder when 28976322 is divided by 1707?
1704
Calculate the remainder when 2117058 is divided by 1084.
6
What is the remainder when 1417111 is divided by 94457?
256
Calculate the remainder when 20385850 is divided by 115.
30
Calculate the remainder when 21951 is divided by 21711.
240
Calculate the remainder when 28780774 is divided by 28780768.
6
Calculate the remainder when 100453559 is divided by 1645.
1634
What is the remainder when 67718 is divided by 105?
98
What is the remainder when 462395 is divided by 1117?
1074
Calculate the remainder when 334199 is divided by 12689.
4285
Calculate the remainder when 9912236 is divided by 413005.
116
Calculate the remainder when 5022350 is divided by 388.
78
Calculate the remainder when 317448 is divided by 158714.
20
What is the remainder when 194025415 is divided by 58?
45
What is the remainder when 647090 is divided by 60?
50
What is the remainder when 15799 is divided by 2089?
1176
What is the remainder when 13183782 is divided by 210?
192
Calculate the remainder when 1865133 is divided by 8924.
17
Calculate the remainder when 3537010 is divided by 67.
13
What is the remainder when 235805 is divided by 9818?
173
What is the remainder when 1016841 is divided by 1700?
241
Calculate the remainder when 38767079 is divided by 659.
86
Calculate the remainder when 2864305 is divided by 367.
237
What is the remainder when 550462 is divided by 122?
120
What is the remainder when 1129348 is divided by 17868?
3664
What is the remainder when 21932529 is divided by 556?
553
What is the remainder when 377361 is divided by 188600?
161
What is the remainder when 7567120 is divided by 630588?
64
Calculate the remainder when 2136287 is divided by 28.
27
Calculate the remainder when 1037936 is divided by 1466.
8
Calculate the remainder when 197593 is divided by 32176.
4537
What is the remainder when 19345 is divided by 3178?
277
Calculate the remainder when 49860020 is divided by 1278461.
41
What is the remainder when 6682 is divided by 6524?
158
Calculate the remainder when 40945 is divided by 20331.
283
What is the remainder when 164967 is divided by 164897?
70
What is the remainder when 243750 is divided by 393?
90
Calculate the remainder when 165815 is divided by 6130.
305
What is the remainder when 544848 is divided by 4205?
2403
What is the remainder when 2690045 is divided by 12570?
65
Calculate the remainder when 330317 is divided by 422.
313
Calculate the remainder when 1980680 is divided by 990330.
20
What is the remainder when 112933973 is divided by 275?
273
Calculate the remainder when 48285765 is divi